-240. What is the greatest common factor of j and f?
24
Let o be 0*(0 + 0 + 1). Suppose q - h - 1 = 0, o*q + 4*q - 24 = -h. Let d(m) = -12*m - 1. Let t be d(-3). Calculate the greatest common factor of q and t.
5
Suppose -3*g = 3*v - 175 + 40, -5*v + 2*g = -232. Let a = v - 44. Calculate the greatest common factor of 6 and a.
2
Suppose 0 = -6*x + 3457 + 4973. What is the greatest common factor of x and 5?
5
Let g be 873/15 + 1/(-5). Let a be ((-1)/3)/((-2)/12). Suppose -g = -3*c + k + k, -a*k - 36 = -2*c. Calculate the highest common divisor of c and 55.
11
Let r(f) = -f**3 + 51. Let o be r(0). Let d be 1 + (-5)/4 - 574/(-56). Suppose -13*z = -d*z - 51. What is the greatest common factor of o and z?
17
Suppose 0 = 2*a - 2*d - 14, 8 = -0*a - a - 4*d. Suppose 5*n - n - a = 0. Let h be -3 + (n - 3) + 10. Calculate the greatest common factor of 25 and h.
5
Suppose 208*k = 203*k + 370. Calculate the highest common factor of k and 2.
2
Suppose -55*t = -50*t - 375. Suppose 2*b - 4*q - 92 = 0, 4*b - 120 = -3*q + 86. Calculate the highest common factor of t and b.
25
Let h(z) = -z**2 + 66 + 55 + 10*z - 115. Suppose -3*j = -t - 5*j + 18, -3*t + 3*j = -9. Let m be h(t). Calculate the highest common factor of m and 66.
22
Let z(n) = -4*n + 8. Let w be z(2). Suppose i = -5*o + 34, -4*i + 0*i + 2*o + 48 = w. Calculate the highest common divisor of i and 21.
7
Suppose 2*z + 2*z = 24. Suppose -z = -7*t + 4*t. Let l(f) = -4*f - 2. Let j be l(-3). What is the greatest common factor of t and j?
2
Suppose 20*v - 649 - 551 = 0. Let p = 17 + -5. What is the highest common divisor of p and v?
12
Let f be (-320)/(-6)*1080/16. Suppose 0 = -20*b + 15*b - f. Let m be (-4)/14 - b/70. Calculate the highest common factor of 50 and m.
10
Let x = -16 - -26. Let w = 55 - 51. Suppose -310 = -w*o - 70. Calculate the greatest common divisor of o and x.
10
Let h(k) = 4*k**2 - k + 4. Let x be h(3). Suppose -5*p = -x - 23. Let o(y) = -y**2 + 6*y + 4. Let i be o(6). Calculate the greatest common factor of i and p.
4
Let p = 908 - 896. Calculate the greatest common divisor of p and 366.
6
Let m(f) = -108*f - 27. Let d be m(-2). What is the greatest common factor of 54 and d?
27
Let z = 1919 + -1667. Calculate the highest common divisor of z and 36.
36
Let v be (-64 + 58)*(-145)/6. What is the greatest common factor of v and 116?
29
Let o(q) = -10*q - 29. Let a be o(-5). Calculate the highest common factor of 567 and a.
21
Let d = 74 + 136. What is the greatest common divisor of 30 and d?
30
Suppose 2*m = -k + 4, m = 2*k + k - 12. Calculate the greatest common factor of 64 and k.
4
Let k be 188/8 + 9 + 6/4. Calculate the greatest common factor of 17 and k.
17
Let k(u) = -u - 15. Let b(h) = -4*h - 61. Let a(v) = -2*b(v) + 9*k(v). Let o be a(-27). What is the greatest common divisor of 42 and o?
14
Suppose i - 5*z = 46, 3*i - 2*z = i + 76. Let v be (3*(-4)/i)/((-2)/36). Suppose -q + 15 = 4*q. Calculate the highest common factor of v and q.
3
Let f(n) = -n**2 + 14*n - 15. Let y(s) = -5*s + 5. Let r(c) = -2*f(c) - 7*y(c). Let b be r(-5). Calculate the highest common factor of b and 5.
5
Suppose 0 = -32*v + 38*v - 780. Suppose 4*n + 3 = -5, -2*j = 5*n - 10. Calculate the greatest common factor of v and j.
10
Let z be (-20*1)/(5 + -6). Let h(l) = 5*l**2 - 2*l - 8. Let u be h(6). Calculate the greatest common divisor of u and z.
20
Let n be (-15)/6*(-18)/(-15) + 45. What is the highest common divisor of 12 and n?
6
Let h = -343 + 496. Calculate the greatest common factor of 187 and h.
17
Let z be 2*(3/(-2) + -1) + 82. What is the highest common factor of 22 and z?
11
Suppose 2*l + 10*p - 8*p - 16 = 0, l + 3*p = 4. Let n = 227 - 117. Calculate the highest common divisor of l and n.
10
Let h(v) = v**3 + 9*v**2 + 4*v - 18. Let g be 162/(-21) - 4/14. Let k be h(g). Calculate the highest common divisor of k and 98.
14
Let d = -172 - -241. Suppose -3*s - 1450 = -1519. What is the greatest common divisor of s and d?
23
Suppose -m + 3*z = 2*m - 15, 0 = 5*m + 4*z + 2. Let s be m + (203 - (0 - 2)). What is the greatest common divisor of 23 and s?
23
Let g be 8 + -1 + -1 + (-3836)/(-137). Calculate the greatest common divisor of 4352 and g.
34
Suppose 0 = 21*o - 28*o + 966. Calculate the greatest common divisor of 207 and o.
69
Let t(b) = -2*b**3 - 6*b**2 + 5*b. Let k be t(-5). Let c(x) = 8*x - 3*x - 5*x + 22 + 2*x. Let s be c(14). Calculate the greatest common divisor of k and s.
25
Suppose 8*s + 8*s - 192 = 0. What is the highest common factor of 8 and s?
4
Let p be 144/24 - (-138 + -4 + 4). Calculate the highest common factor of p and 36.
36
Let r(z) = z**3 + 14*z**2 + 9*z + 15. Let n be r(-11). What is the greatest common factor of n and 31?
31
Let r(a) = -a**2 + a + 23. Let k be r(0). Let g(z) = -z**3 - 15*z**2 + 32*z - 11. Let s be g(-17). What is the greatest common factor of k and s?
23
Suppose 292 = -9*z + 1192. Calculate the highest common factor of 275 and z.
25
Suppose 2*a = -9 + 7. Let b(s) = -15*s. Let i be b(a). What is the greatest common divisor of 75 and i?
15
Let t(p) = 6*p**2 - 12*p - 38. Let d be t(-4). Suppose 0 = 4*q - d - 158. Calculate the greatest common factor of q and 22.
22
Suppose 31*z - 4200 = 10*z. What is the highest common divisor of 150 and z?
50
Let a = 5 - -66. Let w = -59 + a. Suppose -433 = -3*k - n - 104, -4*k + 412 = -4*n. Calculate the highest common divisor of k and w.
12
Let y be -1 + 0 + 5 + -2. Let v = -452 - -466. Calculate the greatest common factor of v and y.
2
Suppose 2*r - 12 = -26. Let q(a) = -a**3 - 7*a**2 - 3*a + 3. Let p be q(r). What is the highest common divisor of p and 120?
24
Suppose -15 = -4*y + 1. Suppose -124 = -m + y*w, -3*m - 2*w + 4*w = -322. Suppose 4*k - 30 = 22. What is the highest common divisor of m and k?
13
Let l be (4 - (1 - -2)) + 3. Suppose -17 = -3*q - 5. What is the highest common divisor of l and q?
4
Let p be (-1 - 1)*(-20 - 0). Let a = 5 - 2. Suppose a*r = -r + 32. What is the greatest common divisor of r and p?
8
Let y(h) = -15*h - 1. Let f be y(6). Let o = -28 - f. Suppose -22*t + 21*t = -o. Calculate the greatest common divisor of t and 21.
21
Suppose 78*m - 133 = 59*m. What is the greatest common divisor of m and 448?
7
Let i = 1775 - 1767. What is the highest common factor of i and 648?
8
Let f(p) = 12 - 4 - 6 - 17*p. Let m be f(-7). What is the greatest common divisor of m and 11?
11
Suppose -23*b = -13*b - 16910. Calculate the highest common divisor of b and 19.
19
Suppose -83*r - 16 = -85*r. Suppose 326 = 5*x - 2*c, -c + 4*c = -4*x + 247. Calculate the highest common factor of r and x.
8
Suppose 3*j - 7 - 8 = 0. Suppose 4*z - 5*c + 11 = 0, -j*c + 10 = z - 6. Let v = 8 + z. What is the greatest common divisor of 36 and v?
9
Suppose -2*n + 34 = -4*n. Suppose 10 = 5*k, -3*y + k - 91 = 5*k. Let v = n - y. What is the highest common factor of 176 and v?
16
Let o be ((-36)/(-8) + 3 + -8)*-4. Suppose s + s = 44. Calculate the greatest common factor of s and o.
2
Suppose -4088 = 47*a - 75*a. Calculate the highest common divisor of 2 and a.
2
Let g(o) = 0*o**2 - 1 + 2*o + o**2 - 4*o - 3. Let r be g(5). Calculate the greatest common divisor of r and 88.
11
Let p = 16 + -14. Suppose 18 = p*t - 4. Let r(s) = 122*s - 1. Let c be r(1). Calculate the greatest common divisor of t and c.
11
Suppose 55 = -q + 12*q. Let c = 83 - q. Calculate the highest common factor of c and 195.
39
Let i = -6 - -46. What is the highest common divisor of i and 24?
8
Let d = -37 - -52. Suppose 4*a = -3*o - 0*a + 45, 4*a = -o + d. What is the greatest common factor of 135 and o?
15
Let b be (5 - -459)/(-1 - -2 - -1). What is the highest common divisor of 29 and b?
29
Suppose 14*r - 32*r = -270. What is the greatest common factor of 45 and r?
15
Let l = 255 + 535. What is the greatest common divisor of 948 and l?
158
Suppose 0 = -7*q + 2*q + 20. Suppose 0 = -v - 5*g - 7, 0*v = q*v + 5*g - 2. Calculate the highest common factor of 9 and v.
3
Suppose 7*a - 13*a = -354. Suppose 14*i - 557 = a. What is the greatest common factor of 4 and i?
4
Let z = -1843 - -1899. What is the greatest common divisor of 154 and z?
14
Let b(o) = 17*o - 41. Let q be b(5). Calculate the highest common divisor of 220 and q.
44
Suppose 0 = -2*c - 0*c + 4. Let u(b) = -1 - 